{"id":23,"date":"2021-08-04T10:27:43","date_gmt":"2021-08-04T08:27:43","guid":{"rendered":"http:\/\/greenwake.fr\/?page_id=23"},"modified":"2021-10-19T10:16:38","modified_gmt":"2021-10-19T08:16:38","slug":"a-propos-de","status":"publish","type":"page","link":"https:\/\/greenwake.fr\/?page_id=23","title":{"rendered":"\u00c0 propos de"},"content":{"rendered":"\n<p>Vous avez un bateau thermique et vous avez envie de passer \u00e0 l\u2019\u00e9lectrique<\/p>\n\n\n\n<p>(c\u2019est moins polluant et moins bruyant en plus)<\/p>\n\n\n\n<div class=\"wp-block-image\"><figure class=\"aligncenter size-full is-resized\"><img loading=\"lazy\" src=\"http:\/\/greenwake.fr\/wp-content\/uploads\/2021\/10\/Tesla-Mode\u0300le-S-P90D-Avant-Moteur-Sport-Lecteur.jpeg\" alt=\"\" class=\"wp-image-160\" width=\"225\" height=\"174\" srcset=\"https:\/\/greenwake.fr\/wp-content\/uploads\/2021\/10\/Tesla-Mode\u0300le-S-P90D-Avant-Moteur-Sport-Lecteur.jpeg 399w, https:\/\/greenwake.fr\/wp-content\/uploads\/2021\/10\/Tesla-Mode\u0300le-S-P90D-Avant-Moteur-Sport-Lecteur-300x232.jpeg 300w\" sizes=\"(max-width: 225px) 100vw, 225px\" \/><\/figure><\/div>\n\n\n\n<p>Bienvenue en 2021\u00a0! En Bateau\u00a0! On vous emm\u00e8ne faire un petit tour (dans un bateau \u00e9lectrique bien s\u00fbr\u00a0!) du c\u00f4t\u00e9 du r\u00e9trofit\u2026<\/p>\n","protected":false},"excerpt":{"rendered":"<p>Vous avez un bateau thermique et vous avez envie de passer \u00e0 l\u2019\u00e9lectrique (c\u2019est moins polluant et moins bruyant en plus) Bienvenue en 2021\u00a0! En &hellip; <\/p>\n","protected":false},"author":1,"featured_media":0,"parent":0,"menu_order":0,"comment_status":"closed","ping_status":"closed","template":"","meta":[],"_links":{"self":[{"href":"https:\/\/greenwake.fr\/index.php?rest_route=\/wp\/v2\/pages\/23"}],"collection":[{"href":"https:\/\/greenwake.fr\/index.php?rest_route=\/wp\/v2\/pages"}],"about":[{"href":"https:\/\/greenwake.fr\/index.php?rest_route=\/wp\/v2\/types\/page"}],"author":[{"embeddable":true,"href":"https:\/\/greenwake.fr\/index.php?rest_route=\/wp\/v2\/users\/1"}],"replies":[{"embeddable":true,"href":"https:\/\/greenwake.fr\/index.php?rest_route=%2Fwp%2Fv2%2Fcomments&post=23"}],"version-history":[{"count":2,"href":"https:\/\/greenwake.fr\/index.php?rest_route=\/wp\/v2\/pages\/23\/revisions"}],"predecessor-version":[{"id":161,"href":"https:\/\/greenwake.fr\/index.php?rest_route=\/wp\/v2\/pages\/23\/revisions\/161"}],"wp:attachment":[{"href":"https:\/\/greenwake.fr\/index.php?rest_route=%2Fwp%2Fv2%2Fmedia&parent=23"}],"curies":[{"name":"wp","href":"https:\/\/api.w.org\/{rel}","templated":true}]}}