{"id":64,"date":"2021-08-04T09:01:11","date_gmt":"2021-08-04T07:01:11","guid":{"rendered":"http:\/\/greenwake.fr\/?page_id=64"},"modified":"2022-04-19T19:23:12","modified_gmt":"2022-04-19T17:23:12","slug":"home","status":"publish","type":"page","link":"https:\/\/greenwake.fr\/","title":{"rendered":"Pratiquez vos sports pr\u00e9f\u00e9r\u00e9s sans bruit et sans \u00e9mission de Co2"},"content":{"rendered":"\n<p>Convertissez votre bateau et vivez une exp\u00e9rience 100% \u00e9lectrique<\/p>\n\n\n\n<div class=\"wp-block-image\"><figure class=\"aligncenter size-full is-resized\"><img loading=\"lazy\" src=\"http:\/\/greenwake.fr\/wp-content\/uploads\/2021\/10\/cropped-logo-socie\u0301te\u0301-.png\" alt=\"\" class=\"wp-image-142\" width=\"656\" height=\"308\" srcset=\"https:\/\/greenwake.fr\/wp-content\/uploads\/2021\/10\/cropped-logo-socie\u0301te\u0301-.png 957w, https:\/\/greenwake.fr\/wp-content\/uploads\/2021\/10\/cropped-logo-socie\u0301te\u0301--300x141.png 300w, https:\/\/greenwake.fr\/wp-content\/uploads\/2021\/10\/cropped-logo-socie\u0301te\u0301--768x362.png 768w\" sizes=\"(max-width: 656px) 100vw, 656px\" \/><\/figure><\/div>\n","protected":false},"excerpt":{"rendered":"<p>Convertissez votre bateau et vivez une exp\u00e9rience 100% \u00e9lectrique<\/p>\n","protected":false},"author":1,"featured_media":260,"parent":0,"menu_order":0,"comment_status":"closed","ping_status":"closed","template":"","meta":[],"_links":{"self":[{"href":"https:\/\/greenwake.fr\/index.php?rest_route=\/wp\/v2\/pages\/64"}],"collection":[{"href":"https:\/\/greenwake.fr\/index.php?rest_route=\/wp\/v2\/pages"}],"about":[{"href":"https:\/\/greenwake.fr\/index.php?rest_route=\/wp\/v2\/types\/page"}],"author":[{"embeddable":true,"href":"https:\/\/greenwake.fr\/index.php?rest_route=\/wp\/v2\/users\/1"}],"replies":[{"embeddable":true,"href":"https:\/\/greenwake.fr\/index.php?rest_route=%2Fwp%2Fv2%2Fcomments&post=64"}],"version-history":[{"count":12,"href":"https:\/\/greenwake.fr\/index.php?rest_route=\/wp\/v2\/pages\/64\/revisions"}],"predecessor-version":[{"id":282,"href":"https:\/\/greenwake.fr\/index.php?rest_route=\/wp\/v2\/pages\/64\/revisions\/282"}],"wp:featuredmedia":[{"embeddable":true,"href":"https:\/\/greenwake.fr\/index.php?rest_route=\/wp\/v2\/media\/260"}],"wp:attachment":[{"href":"https:\/\/greenwake.fr\/index.php?rest_route=%2Fwp%2Fv2%2Fmedia&parent=64"}],"curies":[{"name":"wp","href":"https:\/\/api.w.org\/{rel}","templated":true}]}}